{"id":2903,"date":"2022-01-16T19:30:36","date_gmt":"2022-01-16T19:30:36","guid":{"rendered":"https:\/\/www.travelslowly.de\/?page_id=2903"},"modified":"2022-01-22T18:42:49","modified_gmt":"2022-01-22T18:42:49","slug":"lifestyle-test-2","status":"publish","type":"page","link":"https:\/\/www.travelslowly.de\/?page_id=2903&lang=en","title":{"rendered":"Lifestyle Test"},"content":{"rendered":"\n<h2 class=\"wp-block-heading\">Which trend suits my current lifestyle or interest?<\/h2>\n\n\n\n<p>This short test offers a playful introduction to the book <a href=\"https:\/\/www.travelslowly.de\/?page_id=1735&amp;lang=en\" data-type=\"URL\" data-id=\"https:\/\/www.travelslowly.de\/?page_id=1735&amp;lang=en\">&#8220;Simply Green&#8221;<\/a>. The process of answering the various questions will lead you to one of the 16 trends, which are presented in the book. This result is a recommendation in which chapter to start reading the book. It doesn`t mean that the trend has to or needs to be implemented in the own daily life but just now, it could be interesting for you or suitable to your current lifestyle. A clear recommendation to read the chaptor! <\/p>\n\n\n\n<p>This is how it works: Just click on the chosen answer and you will be led to the next question.<\/p>\n\n\n\n<p>Enjoy!<\/p>\n\n\n\n<p class=\"has-luminous-vivid-amber-color has-text-color\"><em><strong>Note: Since the book is written in German language, the test is German, too. If you would like an English version, please let me know in the comment section below.<\/strong><\/em><\/p>\n\n\n\n<hr class=\"wp-block-separator\"\/>\n\n\n\n<h2 class=\"wp-block-heading\"><strong>START<\/strong><\/h2>\n\n\n\n<h2 class=\"wp-block-heading\"><strong>Gehst du gerne Kleidung, M\u00f6bel, Dekoobjekte, Technikequipment oder andere Produkte einkaufen?<\/strong><\/h2>\n\n\n\n<div class=\"wp-block-buttons is-layout-flex wp-block-buttons-is-layout-flex\">\n<div class=\"wp-block-button is-style-outline is-style-outline--1\"><a class=\"wp-block-button__link\" href=\"https:\/\/www.travelslowly.de\/?page_id=2937\">A) Nein. Ich empfinde Einkaufen als anstrengend oder l\u00e4stig. Meist kaufe ich nur was ich brauche.<\/a><\/div>\n\n\n\n<div class=\"wp-block-button is-style-outline is-style-outline--2\"><a class=\"wp-block-button__link\" href=\"https:\/\/www.travelslowly.de\/?page_id=2940\">B) Jein. Notwendige Eink\u00e4ufe erledige ich eher ungern, wie z.B. wenn ich Dinge ersetzen muss oder Neues ben\u00f6tige. Aber Online-Shopping oder Bummeln gef\u00e4llt mir schon.<\/a><\/div>\n\n\n\n<div class=\"wp-block-button is-style-outline is-style-outline--3\"><a class=\"wp-block-button__link\" href=\"https:\/\/www.travelslowly.de\/?page_id=2942\">C) Ja. Einkaufen bereitet mir Freude. Ich g\u00f6nne mir gerne etwas, wie neue Kleidung, Schmuck oder M\u00f6bel. Wenn es mir nicht so gut geht, heitert mich ein neues Teil auch auf.<\/a><\/div>\n<\/div>\n\n\n\n<hr class=\"wp-block-separator\"\/>\n","protected":false},"excerpt":{"rendered":"<p>Which trend suits my current lifestyle or interest? This short test offers a playful introduction to the book &#8220;Simply Green&#8221;. The process of answering the various questions will lead you to one of the 16 trends, which are presented in the book. This result is a recommendation in which chapter to start reading the book&#8230;.<\/p>\n","protected":false},"author":1,"featured_media":0,"parent":0,"menu_order":0,"comment_status":"open","ping_status":"closed","template":"","meta":{"footnotes":""},"class_list":["post-2903","page","type-page","status-publish","hentry"],"_links":{"self":[{"href":"https:\/\/www.travelslowly.de\/index.php?rest_route=\/wp\/v2\/pages\/2903","targetHints":{"allow":["GET"]}}],"collection":[{"href":"https:\/\/www.travelslowly.de\/index.php?rest_route=\/wp\/v2\/pages"}],"about":[{"href":"https:\/\/www.travelslowly.de\/index.php?rest_route=\/wp\/v2\/types\/page"}],"author":[{"embeddable":true,"href":"https:\/\/www.travelslowly.de\/index.php?rest_route=\/wp\/v2\/users\/1"}],"replies":[{"embeddable":true,"href":"https:\/\/www.travelslowly.de\/index.php?rest_route=%2Fwp%2Fv2%2Fcomments&post=2903"}],"version-history":[{"count":9,"href":"https:\/\/www.travelslowly.de\/index.php?rest_route=\/wp\/v2\/pages\/2903\/revisions"}],"predecessor-version":[{"id":3003,"href":"https:\/\/www.travelslowly.de\/index.php?rest_route=\/wp\/v2\/pages\/2903\/revisions\/3003"}],"wp:attachment":[{"href":"https:\/\/www.travelslowly.de\/index.php?rest_route=%2Fwp%2Fv2%2Fmedia&parent=2903"}],"curies":[{"name":"wp","href":"https:\/\/api.w.org\/{rel}","templated":true}]}}